{"id":718,"date":"2018-05-02T15:28:23","date_gmt":"2018-05-02T14:28:23","guid":{"rendered":"http:\/\/www.impro-geneve.ch\/mondial\/?page_id=718"},"modified":"2022-10-06T15:14:41","modified_gmt":"2022-10-06T14:14:41","slug":"la-suisse","status":"publish","type":"page","link":"https:\/\/www.impro-geneve.ch\/mondial\/la-suisse\/","title":{"rendered":"LA SUISSE"},"content":{"rendered":"<p><strong>La Swiss Team 2022, compos\u00e9e des com\u00e9diens de la F\u00e9d\u00e9ration d&rsquo;improvisation genevoise (FIG). Championne du monde en 2006 et 2016. Finaliste lors des cinq derni\u00e8res \u00e9ditions.\u00a0<\/strong><\/p>\n<p><a href=\"http:\/\/www.impro-geneve.ch\/mondial\/wp-content\/uploads\/2022\/07\/profil-1-mondial.png\"><img loading=\"lazy\" class=\"alignnone size-medium wp-image-1286\" src=\"http:\/\/www.impro-geneve.ch\/mondial\/wp-content\/uploads\/2022\/07\/profil-1-mondial-300x300.png\" alt=\"\" width=\"300\" height=\"300\" srcset=\"https:\/\/www.impro-geneve.ch\/mondial\/wp-content\/uploads\/2022\/07\/profil-1-mondial-300x300.png 300w, https:\/\/www.impro-geneve.ch\/mondial\/wp-content\/uploads\/2022\/07\/profil-1-mondial-1024x1024.png 1024w, https:\/\/www.impro-geneve.ch\/mondial\/wp-content\/uploads\/2022\/07\/profil-1-mondial-150x150.png 150w, https:\/\/www.impro-geneve.ch\/mondial\/wp-content\/uploads\/2022\/07\/profil-1-mondial-768x768.png 768w, https:\/\/www.impro-geneve.ch\/mondial\/wp-content\/uploads\/2022\/07\/profil-1-mondial-109x109.png 109w, https:\/\/www.impro-geneve.ch\/mondial\/wp-content\/uploads\/2022\/07\/profil-1-mondial-100x100.png 100w, https:\/\/www.impro-geneve.ch\/mondial\/wp-content\/uploads\/2022\/07\/profil-1-mondial-1536x1536.png 1536w, https:\/\/www.impro-geneve.ch\/mondial\/wp-content\/uploads\/2022\/07\/profil-1-mondial-624x624.png 624w, https:\/\/www.impro-geneve.ch\/mondial\/wp-content\/uploads\/2022\/07\/profil-1-mondial.png 1920w\" sizes=\"(max-width: 300px) 100vw, 300px\" \/><\/a> <a href=\"http:\/\/www.impro-geneve.ch\/mondial\/wp-content\/uploads\/2022\/10\/Equipe-Suisse.png\"><img loading=\"lazy\" class=\"alignnone wp-image-1373 size-medium\" src=\"http:\/\/www.impro-geneve.ch\/mondial\/wp-content\/uploads\/2022\/10\/Equipe-Suisse-300x300.png\" alt=\"\" width=\"300\" height=\"300\" srcset=\"https:\/\/www.impro-geneve.ch\/mondial\/wp-content\/uploads\/2022\/10\/Equipe-Suisse-300x300.png 300w, https:\/\/www.impro-geneve.ch\/mondial\/wp-content\/uploads\/2022\/10\/Equipe-Suisse-1024x1024.png 1024w, https:\/\/www.impro-geneve.ch\/mondial\/wp-content\/uploads\/2022\/10\/Equipe-Suisse-150x150.png 150w, https:\/\/www.impro-geneve.ch\/mondial\/wp-content\/uploads\/2022\/10\/Equipe-Suisse-768x768.png 768w, https:\/\/www.impro-geneve.ch\/mondial\/wp-content\/uploads\/2022\/10\/Equipe-Suisse-109x109.png 109w, https:\/\/www.impro-geneve.ch\/mondial\/wp-content\/uploads\/2022\/10\/Equipe-Suisse-100x100.png 100w, https:\/\/www.impro-geneve.ch\/mondial\/wp-content\/uploads\/2022\/10\/Equipe-Suisse-624x624.png 624w, https:\/\/www.impro-geneve.ch\/mondial\/wp-content\/uploads\/2022\/10\/Equipe-Suisse.png 1200w\" sizes=\"(max-width: 300px) 100vw, 300px\" \/><\/a><\/p>\n<p><a href=\"http:\/\/www.impro-geneve.ch\/mondial\/wp-content\/uploads\/2022\/10\/Deborah-CHIRENTI.png\"><img loading=\"lazy\" class=\"alignnone size-medium wp-image-1372\" src=\"http:\/\/www.impro-geneve.ch\/mondial\/wp-content\/uploads\/2022\/10\/Deborah-CHIRENTI-272x300.png\" alt=\"\" width=\"272\" height=\"300\" srcset=\"https:\/\/www.impro-geneve.ch\/mondial\/wp-content\/uploads\/2022\/10\/Deborah-CHIRENTI-272x300.png 272w, https:\/\/www.impro-geneve.ch\/mondial\/wp-content\/uploads\/2022\/10\/Deborah-CHIRENTI-928x1024.png 928w, https:\/\/www.impro-geneve.ch\/mondial\/wp-content\/uploads\/2022\/10\/Deborah-CHIRENTI-768x848.png 768w, https:\/\/www.impro-geneve.ch\/mondial\/wp-content\/uploads\/2022\/10\/Deborah-CHIRENTI-624x689.png 624w, https:\/\/www.impro-geneve.ch\/mondial\/wp-content\/uploads\/2022\/10\/Deborah-CHIRENTI.png 1087w\" sizes=\"(max-width: 272px) 100vw, 272px\" \/><\/a> <a href=\"http:\/\/www.impro-geneve.ch\/mondial\/wp-content\/uploads\/2022\/10\/Malik-KAUFMANN.png\"><img loading=\"lazy\" class=\"alignnone size-medium wp-image-1377\" src=\"http:\/\/www.impro-geneve.ch\/mondial\/wp-content\/uploads\/2022\/10\/Malik-KAUFMANN-300x276.png\" alt=\"\" width=\"300\" height=\"276\" srcset=\"https:\/\/www.impro-geneve.ch\/mondial\/wp-content\/uploads\/2022\/10\/Malik-KAUFMANN-300x276.png 300w, https:\/\/www.impro-geneve.ch\/mondial\/wp-content\/uploads\/2022\/10\/Malik-KAUFMANN-1024x942.png 1024w, https:\/\/www.impro-geneve.ch\/mondial\/wp-content\/uploads\/2022\/10\/Malik-KAUFMANN-768x706.png 768w, https:\/\/www.impro-geneve.ch\/mondial\/wp-content\/uploads\/2022\/10\/Malik-KAUFMANN-624x574.png 624w, https:\/\/www.impro-geneve.ch\/mondial\/wp-content\/uploads\/2022\/10\/Malik-KAUFMANN.png 1305w\" sizes=\"(max-width: 300px) 100vw, 300px\" \/><\/a><\/p>\n<p><a href=\"http:\/\/www.impro-geneve.ch\/mondial\/wp-content\/uploads\/2022\/10\/Sara-RUSALEN.png\"><img loading=\"lazy\" class=\"alignnone size-medium wp-image-1378\" src=\"http:\/\/www.impro-geneve.ch\/mondial\/wp-content\/uploads\/2022\/10\/Sara-RUSALEN-300x281.png\" alt=\"\" width=\"300\" height=\"281\" srcset=\"https:\/\/www.impro-geneve.ch\/mondial\/wp-content\/uploads\/2022\/10\/Sara-RUSALEN-300x281.png 300w, https:\/\/www.impro-geneve.ch\/mondial\/wp-content\/uploads\/2022\/10\/Sara-RUSALEN-1024x959.png 1024w, https:\/\/www.impro-geneve.ch\/mondial\/wp-content\/uploads\/2022\/10\/Sara-RUSALEN-768x719.png 768w, https:\/\/www.impro-geneve.ch\/mondial\/wp-content\/uploads\/2022\/10\/Sara-RUSALEN-624x584.png 624w, https:\/\/www.impro-geneve.ch\/mondial\/wp-content\/uploads\/2022\/10\/Sara-RUSALEN.png 1282w\" sizes=\"(max-width: 300px) 100vw, 300px\" \/><\/a> <a href=\"http:\/\/www.impro-geneve.ch\/mondial\/wp-content\/uploads\/2022\/10\/Julien-HENCHOZ.png\"><img loading=\"lazy\" class=\"alignnone size-medium wp-image-1375\" src=\"http:\/\/www.impro-geneve.ch\/mondial\/wp-content\/uploads\/2022\/10\/Julien-HENCHOZ-300x281.png\" alt=\"\" width=\"300\" height=\"281\" srcset=\"https:\/\/www.impro-geneve.ch\/mondial\/wp-content\/uploads\/2022\/10\/Julien-HENCHOZ-300x281.png 300w, https:\/\/www.impro-geneve.ch\/mondial\/wp-content\/uploads\/2022\/10\/Julien-HENCHOZ-1024x961.png 1024w, https:\/\/www.impro-geneve.ch\/mondial\/wp-content\/uploads\/2022\/10\/Julien-HENCHOZ-768x721.png 768w, https:\/\/www.impro-geneve.ch\/mondial\/wp-content\/uploads\/2022\/10\/Julien-HENCHOZ-624x585.png 624w, https:\/\/www.impro-geneve.ch\/mondial\/wp-content\/uploads\/2022\/10\/Julien-HENCHOZ.png 1279w\" sizes=\"(max-width: 300px) 100vw, 300px\" \/><\/a><\/p>\n<p><a href=\"http:\/\/www.impro-geneve.ch\/mondial\/wp-content\/uploads\/2022\/10\/Leon-BOESCH.png\"><img loading=\"lazy\" class=\"alignnone size-medium wp-image-1376\" src=\"http:\/\/www.impro-geneve.ch\/mondial\/wp-content\/uploads\/2022\/10\/Leon-BOESCH-292x300.png\" alt=\"\" width=\"292\" height=\"300\" srcset=\"https:\/\/www.impro-geneve.ch\/mondial\/wp-content\/uploads\/2022\/10\/Leon-BOESCH-292x300.png 292w, https:\/\/www.impro-geneve.ch\/mondial\/wp-content\/uploads\/2022\/10\/Leon-BOESCH-998x1024.png 998w, https:\/\/www.impro-geneve.ch\/mondial\/wp-content\/uploads\/2022\/10\/Leon-BOESCH-768x788.png 768w, https:\/\/www.impro-geneve.ch\/mondial\/wp-content\/uploads\/2022\/10\/Leon-BOESCH-624x641.png 624w, https:\/\/www.impro-geneve.ch\/mondial\/wp-content\/uploads\/2022\/10\/Leon-BOESCH.png 1169w\" sizes=\"(max-width: 292px) 100vw, 292px\" \/><\/a> <a href=\"http:\/\/www.impro-geneve.ch\/mondial\/wp-content\/uploads\/2022\/10\/Joseph-CHAUMONT-coach.png\"><img loading=\"lazy\" class=\"alignnone size-medium wp-image-1374\" src=\"http:\/\/www.impro-geneve.ch\/mondial\/wp-content\/uploads\/2022\/10\/Joseph-CHAUMONT-coach-300x295.png\" alt=\"\" width=\"300\" height=\"295\" srcset=\"https:\/\/www.impro-geneve.ch\/mondial\/wp-content\/uploads\/2022\/10\/Joseph-CHAUMONT-coach-300x295.png 300w, https:\/\/www.impro-geneve.ch\/mondial\/wp-content\/uploads\/2022\/10\/Joseph-CHAUMONT-coach-1024x1008.png 1024w, https:\/\/www.impro-geneve.ch\/mondial\/wp-content\/uploads\/2022\/10\/Joseph-CHAUMONT-coach-768x756.png 768w, https:\/\/www.impro-geneve.ch\/mondial\/wp-content\/uploads\/2022\/10\/Joseph-CHAUMONT-coach-624x614.png 624w, https:\/\/www.impro-geneve.ch\/mondial\/wp-content\/uploads\/2022\/10\/Joseph-CHAUMONT-coach.png 1219w\" sizes=\"(max-width: 300px) 100vw, 300px\" \/><\/a><\/p>\n<p>Dans l&rsquo;ordre : Deborah Chirenti, Malik Kaufmann, Sara Rusalen, Julien Henchoz, L\u00e9on Boesch, Joseph Chaumont (Coach)<\/p>\n","protected":false},"excerpt":{"rendered":"<p>La Swiss Team 2022, compos\u00e9e des com\u00e9diens de la F\u00e9d\u00e9ration d&rsquo;improvisation genevoise (FIG). Championne du monde en 2006 et 2016. Finaliste lors des cinq derni\u00e8res \u00e9ditions.\u00a0 Dans l&rsquo;ordre : Deborah Chirenti, Malik Kaufmann, Sara Rusalen, Julien Henchoz, L\u00e9on Boesch, Joseph Chaumont (Coach)<\/p>\n","protected":false},"author":2,"featured_media":0,"parent":0,"menu_order":0,"comment_status":"closed","ping_status":"closed","template":"","meta":[],"_links":{"self":[{"href":"https:\/\/www.impro-geneve.ch\/mondial\/wp-json\/wp\/v2\/pages\/718"}],"collection":[{"href":"https:\/\/www.impro-geneve.ch\/mondial\/wp-json\/wp\/v2\/pages"}],"about":[{"href":"https:\/\/www.impro-geneve.ch\/mondial\/wp-json\/wp\/v2\/types\/page"}],"author":[{"embeddable":true,"href":"https:\/\/www.impro-geneve.ch\/mondial\/wp-json\/wp\/v2\/users\/2"}],"replies":[{"embeddable":true,"href":"https:\/\/www.impro-geneve.ch\/mondial\/wp-json\/wp\/v2\/comments?post=718"}],"version-history":[{"count":12,"href":"https:\/\/www.impro-geneve.ch\/mondial\/wp-json\/wp\/v2\/pages\/718\/revisions"}],"predecessor-version":[{"id":1381,"href":"https:\/\/www.impro-geneve.ch\/mondial\/wp-json\/wp\/v2\/pages\/718\/revisions\/1381"}],"wp:attachment":[{"href":"https:\/\/www.impro-geneve.ch\/mondial\/wp-json\/wp\/v2\/media?parent=718"}],"curies":[{"name":"wp","href":"https:\/\/api.w.org\/{rel}","templated":true}]}}

<p><strong>La Swiss Team 2022, composée des comédiens de la Fédération d&rsquo;improvisation genevoise (FIG). Championne du monde en 2006 et 2016. Finaliste lors des cinq dernières éditions. </strong></p>
<p><a href="http://www.impro-geneve.ch/mondial/wp-content/uploads/2022/07/profil-1-mondial.png"><img loading="lazy" class="alignnone size-medium wp-image-1286" src="http://www.impro-geneve.ch/mondial/wp-content/uploads/2022/07/profil-1-mondial-300x300.png" alt="" width="300" height="300" srcset="https://www.impro-geneve.ch/mondial/wp-content/uploads/2022/07/profil-1-mondial-300x300.png 300w, https://www.impro-geneve.ch/mondial/wp-content/uploads/2022/07/profil-1-mondial-1024x1024.png 1024w, https://www.impro-geneve.ch/mondial/wp-content/uploads/2022/07/profil-1-mondial-150x150.png 150w, https://www.impro-geneve.ch/mondial/wp-content/uploads/2022/07/profil-1-mondial-768x768.png 768w, https://www.impro-geneve.ch/mondial/wp-content/uploads/2022/07/profil-1-mondial-109x109.png 109w, https://www.impro-geneve.ch/mondial/wp-content/uploads/2022/07/profil-1-mondial-100x100.png 100w, https://www.impro-geneve.ch/mondial/wp-content/uploads/2022/07/profil-1-mondial-1536x1536.png 1536w, https://www.impro-geneve.ch/mondial/wp-content/uploads/2022/07/profil-1-mondial-624x624.png 624w, https://www.impro-geneve.ch/mondial/wp-content/uploads/2022/07/profil-1-mondial.png 1920w" sizes="(max-width: 300px) 100vw, 300px" /></a> <a href="http://www.impro-geneve.ch/mondial/wp-content/uploads/2022/10/Equipe-Suisse.png"><img loading="lazy" class="alignnone wp-image-1373 size-medium" src="http://www.impro-geneve.ch/mondial/wp-content/uploads/2022/10/Equipe-Suisse-300x300.png" alt="" width="300" height="300" srcset="https://www.impro-geneve.ch/mondial/wp-content/uploads/2022/10/Equipe-Suisse-300x300.png 300w, https://www.impro-geneve.ch/mondial/wp-content/uploads/2022/10/Equipe-Suisse-1024x1024.png 1024w, https://www.impro-geneve.ch/mondial/wp-content/uploads/2022/10/Equipe-Suisse-150x150.png 150w, https://www.impro-geneve.ch/mondial/wp-content/uploads/2022/10/Equipe-Suisse-768x768.png 768w, https://www.impro-geneve.ch/mondial/wp-content/uploads/2022/10/Equipe-Suisse-109x109.png 109w, https://www.impro-geneve.ch/mondial/wp-content/uploads/2022/10/Equipe-Suisse-100x100.png 100w, https://www.impro-geneve.ch/mondial/wp-content/uploads/2022/10/Equipe-Suisse-624x624.png 624w, https://www.impro-geneve.ch/mondial/wp-content/uploads/2022/10/Equipe-Suisse.png 1200w" sizes="(max-width: 300px) 100vw, 300px" /></a></p>
<p><a href="http://www.impro-geneve.ch/mondial/wp-content/uploads/2022/10/Deborah-CHIRENTI.png"><img loading="lazy" class="alignnone size-medium wp-image-1372" src="http://www.impro-geneve.ch/mondial/wp-content/uploads/2022/10/Deborah-CHIRENTI-272x300.png" alt="" width="272" height="300" srcset="https://www.impro-geneve.ch/mondial/wp-content/uploads/2022/10/Deborah-CHIRENTI-272x300.png 272w, https://www.impro-geneve.ch/mondial/wp-content/uploads/2022/10/Deborah-CHIRENTI-928x1024.png 928w, https://www.impro-geneve.ch/mondial/wp-content/uploads/2022/10/Deborah-CHIRENTI-768x848.png 768w, https://www.impro-geneve.ch/mondial/wp-content/uploads/2022/10/Deborah-CHIRENTI-624x689.png 624w, https://www.impro-geneve.ch/mondial/wp-content/uploads/2022/10/Deborah-CHIRENTI.png 1087w" sizes="(max-width: 272px) 100vw, 272px" /></a> <a href="http://www.impro-geneve.ch/mondial/wp-content/uploads/2022/10/Malik-KAUFMANN.png"><img loading="lazy" class="alignnone size-medium wp-image-1377" src="http://www.impro-geneve.ch/mondial/wp-content/uploads/2022/10/Malik-KAUFMANN-300x276.png" alt="" width="300" height="276" srcset="https://www.impro-geneve.ch/mondial/wp-content/uploads/2022/10/Malik-KAUFMANN-300x276.png 300w, https://www.impro-geneve.ch/mondial/wp-content/uploads/2022/10/Malik-KAUFMANN-1024x942.png 1024w, https://www.impro-geneve.ch/mondial/wp-content/uploads/2022/10/Malik-KAUFMANN-768x706.png 768w, https://www.impro-geneve.ch/mondial/wp-content/uploads/2022/10/Malik-KAUFMANN-624x574.png 624w, https://www.impro-geneve.ch/mondial/wp-content/uploads/2022/10/Malik-KAUFMANN.png 1305w" sizes="(max-width: 300px) 100vw, 300px" /></a></p>
<p><a href="http://www.impro-geneve.ch/mondial/wp-content/uploads/2022/10/Sara-RUSALEN.png"><img loading="lazy" class="alignnone size-medium wp-image-1378" src="http://www.impro-geneve.ch/mondial/wp-content/uploads/2022/10/Sara-RUSALEN-300x281.png" alt="" width="300" height="281" srcset="https://www.impro-geneve.ch/mondial/wp-content/uploads/2022/10/Sara-RUSALEN-300x281.png 300w, https://www.impro-geneve.ch/mondial/wp-content/uploads/2022/10/Sara-RUSALEN-1024x959.png 1024w, https://www.impro-geneve.ch/mondial/wp-content/uploads/2022/10/Sara-RUSALEN-768x719.png 768w, https://www.impro-geneve.ch/mondial/wp-content/uploads/2022/10/Sara-RUSALEN-624x584.png 624w, https://www.impro-geneve.ch/mondial/wp-content/uploads/2022/10/Sara-RUSALEN.png 1282w" sizes="(max-width: 300px) 100vw, 300px" /></a> <a href="http://www.impro-geneve.ch/mondial/wp-content/uploads/2022/10/Julien-HENCHOZ.png"><img loading="lazy" class="alignnone size-medium wp-image-1375" src="http://www.impro-geneve.ch/mondial/wp-content/uploads/2022/10/Julien-HENCHOZ-300x281.png" alt="" width="300" height="281" srcset="https://www.impro-geneve.ch/mondial/wp-content/uploads/2022/10/Julien-HENCHOZ-300x281.png 300w, https://www.impro-geneve.ch/mondial/wp-content/uploads/2022/10/Julien-HENCHOZ-1024x961.png 1024w, https://www.impro-geneve.ch/mondial/wp-content/uploads/2022/10/Julien-HENCHOZ-768x721.png 768w, https://www.impro-geneve.ch/mondial/wp-content/uploads/2022/10/Julien-HENCHOZ-624x585.png 624w, https://www.impro-geneve.ch/mondial/wp-content/uploads/2022/10/Julien-HENCHOZ.png 1279w" sizes="(max-width: 300px) 100vw, 300px" /></a></p>
<p><a href="http://www.impro-geneve.ch/mondial/wp-content/uploads/2022/10/Leon-BOESCH.png"><img loading="lazy" class="alignnone size-medium wp-image-1376" src="http://www.impro-geneve.ch/mondial/wp-content/uploads/2022/10/Leon-BOESCH-292x300.png" alt="" width="292" height="300" srcset="https://www.impro-geneve.ch/mondial/wp-content/uploads/2022/10/Leon-BOESCH-292x300.png 292w, https://www.impro-geneve.ch/mondial/wp-content/uploads/2022/10/Leon-BOESCH-998x1024.png 998w, https://www.impro-geneve.ch/mondial/wp-content/uploads/2022/10/Leon-BOESCH-768x788.png 768w, https://www.impro-geneve.ch/mondial/wp-content/uploads/2022/10/Leon-BOESCH-624x641.png 624w, https://www.impro-geneve.ch/mondial/wp-content/uploads/2022/10/Leon-BOESCH.png 1169w" sizes="(max-width: 292px) 100vw, 292px" /></a> <a href="http://www.impro-geneve.ch/mondial/wp-content/uploads/2022/10/Joseph-CHAUMONT-coach.png"><img loading="lazy" class="alignnone size-medium wp-image-1374" src="http://www.impro-geneve.ch/mondial/wp-content/uploads/2022/10/Joseph-CHAUMONT-coach-300x295.png" alt="" width="300" height="295" srcset="https://www.impro-geneve.ch/mondial/wp-content/uploads/2022/10/Joseph-CHAUMONT-coach-300x295.png 300w, https://www.impro-geneve.ch/mondial/wp-content/uploads/2022/10/Joseph-CHAUMONT-coach-1024x1008.png 1024w, https://www.impro-geneve.ch/mondial/wp-content/uploads/2022/10/Joseph-CHAUMONT-coach-768x756.png 768w, https://www.impro-geneve.ch/mondial/wp-content/uploads/2022/10/Joseph-CHAUMONT-coach-624x614.png 624w, https://www.impro-geneve.ch/mondial/wp-content/uploads/2022/10/Joseph-CHAUMONT-coach.png 1219w" sizes="(max-width: 300px) 100vw, 300px" /></a></p>
<p>Dans l&rsquo;ordre : Deborah Chirenti, Malik Kaufmann, Sara Rusalen, Julien Henchoz, Léon Boesch, Joseph Chaumont (Coach)</p>

<p>La Swiss Team 2022, composée des comédiens de la Fédération d&rsquo;improvisation genevoise (FIG). Championne du monde en 2006 et 2016. Finaliste lors des cinq dernières éditions.  Dans l&rsquo;ordre : Deborah Chirenti, Malik Kaufmann, Sara Rusalen, Julien Henchoz, Léon Boesch, Joseph Chaumont (Coach)</p>
