{"id":736,"date":"2018-05-15T09:35:27","date_gmt":"2018-05-15T08:35:27","guid":{"rendered":"http:\/\/www.impro-geneve.ch\/mondial\/?page_id=736"},"modified":"2022-07-21T14:47:05","modified_gmt":"2022-07-21T13:47:05","slug":"le-match-dimpro","status":"publish","type":"page","link":"https:\/\/www.impro-geneve.ch\/mondial\/le-match-dimpro\/","title":{"rendered":"LE MATCH D&rsquo;IMPRO"},"content":{"rendered":"<p>Le match d\u2019improvisation a \u00e9t\u00e9 cr\u00e9\u00e9 sous l\u2019impulsion de deux Qu\u00e9b\u00e9cois, Robert Gravel et Yvon Leduc en 1977, avec l\u2019id\u00e9e de rompre avec l\u2019\u00e9litisme associ\u00e9 au th\u00e9\u00e2tre.&nbsp;Quarante ans plus tard, le succ\u00e8s du match d\u2019improvisation est sans \u00e9gal.<\/p>\n<p>Deux \u00e9quipes se rencontrent et improvisent ensemble sur des th\u00e8mes&nbsp;propos\u00e9s&nbsp;par le Maitre de Jeu, qui leur impose \u00e9galement des contraintes de temps, de nombre de joueurs et m\u00eame de style (de la trag\u00e9die classique aux films d\u2019aventure en passant par les chansons). Lui seul connait ses th\u00e8mes. Il les \u00e9nonce, puis, apr\u00e8s 20 secondes de r\u00e9flexion (appel\u00e9 caucus), l\u2019improvisation commence. L&rsquo;arbitre peut siffler des fautes si l\u2019histoire est mal construite, confuse, hors sujet\u2026<\/p>\n<p>Mais le succ\u00e8s du spectacle r\u00e9side surtout dans la participation du public! Source d\u2019\u00e9nergie et d\u2019inspiration pour les com\u00e9diens, il fait le spectacle en votant apr\u00e8s chaque improvisation pour l\u2019\u00e9quipe qu\u2019il a pr\u00e9f\u00e9r\u00e9e.<\/p>\n<p>Les musiciens et le r\u00e9gisseur lumi\u00e8re accompagnent les com\u00e9diens et cr\u00e9ent des ambiances sonores et visuelles afin de plonger le spectateur au coeur de l\u2019histoire.<\/p>\n<p><a href=\"http:\/\/www.impro-geneve.ch\/mondial\/wp-content\/uploads\/2018\/05\/22553322_1414291268693033_7931343603341025233_o.jpg\"><img loading=\"lazy\" class=\"alignnone wp-image-737 size-large\" src=\"http:\/\/www.impro-geneve.ch\/mondial\/wp-content\/uploads\/2018\/05\/22553322_1414291268693033_7931343603341025233_o-1024x681.jpg\" alt=\"22553322_1414291268693033_7931343603341025233_o\" width=\"625\" height=\"415\" srcset=\"https:\/\/www.impro-geneve.ch\/mondial\/wp-content\/uploads\/2018\/05\/22553322_1414291268693033_7931343603341025233_o-1024x681.jpg 1024w, https:\/\/www.impro-geneve.ch\/mondial\/wp-content\/uploads\/2018\/05\/22553322_1414291268693033_7931343603341025233_o-300x199.jpg 300w, https:\/\/www.impro-geneve.ch\/mondial\/wp-content\/uploads\/2018\/05\/22553322_1414291268693033_7931343603341025233_o-624x415.jpg 624w, https:\/\/www.impro-geneve.ch\/mondial\/wp-content\/uploads\/2018\/05\/22553322_1414291268693033_7931343603341025233_o.jpg 2048w\" sizes=\"(max-width: 625px) 100vw, 625px\" \/><\/a><\/p>\n","protected":false},"excerpt":{"rendered":"<p>Le match d\u2019improvisation a \u00e9t\u00e9 cr\u00e9\u00e9 sous l\u2019impulsion de deux Qu\u00e9b\u00e9cois, Robert Gravel et Yvon Leduc en 1977, avec l\u2019id\u00e9e de rompre avec l\u2019\u00e9litisme associ\u00e9 au th\u00e9\u00e2tre.&nbsp;Quarante ans plus tard, le succ\u00e8s du match d\u2019improvisation est sans \u00e9gal. Deux \u00e9quipes se rencontrent et improvisent ensemble sur des th\u00e8mes&nbsp;propos\u00e9s&nbsp;par le Maitre de Jeu, qui leur impose [&hellip;]<\/p>\n","protected":false},"author":2,"featured_media":0,"parent":0,"menu_order":0,"comment_status":"closed","ping_status":"closed","template":"","meta":[],"_links":{"self":[{"href":"https:\/\/www.impro-geneve.ch\/mondial\/wp-json\/wp\/v2\/pages\/736"}],"collection":[{"href":"https:\/\/www.impro-geneve.ch\/mondial\/wp-json\/wp\/v2\/pages"}],"about":[{"href":"https:\/\/www.impro-geneve.ch\/mondial\/wp-json\/wp\/v2\/types\/page"}],"author":[{"embeddable":true,"href":"https:\/\/www.impro-geneve.ch\/mondial\/wp-json\/wp\/v2\/users\/2"}],"replies":[{"embeddable":true,"href":"https:\/\/www.impro-geneve.ch\/mondial\/wp-json\/wp\/v2\/comments?post=736"}],"version-history":[{"count":3,"href":"https:\/\/www.impro-geneve.ch\/mondial\/wp-json\/wp\/v2\/pages\/736\/revisions"}],"predecessor-version":[{"id":1253,"href":"https:\/\/www.impro-geneve.ch\/mondial\/wp-json\/wp\/v2\/pages\/736\/revisions\/1253"}],"wp:attachment":[{"href":"https:\/\/www.impro-geneve.ch\/mondial\/wp-json\/wp\/v2\/media?parent=736"}],"curies":[{"name":"wp","href":"https:\/\/api.w.org\/{rel}","templated":true}]}}