{"id":770,"date":"2018-05-15T10:04:08","date_gmt":"2018-05-15T09:04:08","guid":{"rendered":"http:\/\/www.impro-geneve.ch\/mondial\/?page_id=770"},"modified":"2022-08-18T12:59:00","modified_gmt":"2022-08-18T11:59:00","slug":"partenaires","status":"publish","type":"page","link":"https:\/\/www.impro-geneve.ch\/mondial\/partenaires\/","title":{"rendered":"PARTENAIRES"},"content":{"rendered":"<h2>Vous souhaitez nous soutenir\u00a0? La F\u00e9d\u00e9ration d\u2019Improvisation recherche des sponsors pour l\u2019aider \u00e0 organiser cet \u00e9v\u00e9nement pl\u00e9thorique\u00a0!<\/h2>\n<p>Contactez-nous\u00a0: <a href=\"mailto:comite.mondial@impro-geneve.ch\">comite.mondial@impro-geneve.ch<\/a><\/p>\n<h2>Partenaires principaux:<\/h2>\n<h2><a href=\"https:\/\/www.loro.ch\/fr\"><img loading=\"lazy\" class=\"alignnone  wp-image-851\" src=\"http:\/\/www.impro-geneve.ch\/mondial\/wp-content\/uploads\/2018\/05\/14_loro-beneficiaire15_q.jpg\" alt=\"14_LoRo-Beneficiaire-15_Q\" width=\"287\" height=\"100\" srcset=\"https:\/\/www.impro-geneve.ch\/mondial\/wp-content\/uploads\/2018\/05\/14_loro-beneficiaire15_q.jpg 945w, https:\/\/www.impro-geneve.ch\/mondial\/wp-content\/uploads\/2018\/05\/14_loro-beneficiaire15_q-300x104.jpg 300w, https:\/\/www.impro-geneve.ch\/mondial\/wp-content\/uploads\/2018\/05\/14_loro-beneficiaire15_q-624x217.jpg 624w\" sizes=\"(max-width: 287px) 100vw, 287px\" \/><\/a><\/h2>\n<p><a href=\"http:\/\/www.impro-geneve.ch\/mondial\/wp-content\/uploads\/2022\/08\/logo_fondationmeyrinoiseducasino.png\"><img loading=\"lazy\" class=\"alignnone size-medium wp-image-1321\" src=\"http:\/\/www.impro-geneve.ch\/mondial\/wp-content\/uploads\/2022\/08\/logo_fondationmeyrinoiseducasino-300x121.png\" alt=\"\" width=\"300\" height=\"121\" srcset=\"https:\/\/www.impro-geneve.ch\/mondial\/wp-content\/uploads\/2022\/08\/logo_fondationmeyrinoiseducasino-300x121.png 300w, https:\/\/www.impro-geneve.ch\/mondial\/wp-content\/uploads\/2022\/08\/logo_fondationmeyrinoiseducasino.png 521w\" sizes=\"(max-width: 300px) 100vw, 300px\" \/><\/a><\/p>\n<p><a href=\"http:\/\/www.impro-geneve.ch\/mondial\/wp-content\/uploads\/2022\/08\/logo-avec-soutien-ville-geneve-couleur.png\"><img loading=\"lazy\" class=\"alignnone size-medium wp-image-1322\" src=\"http:\/\/www.impro-geneve.ch\/mondial\/wp-content\/uploads\/2022\/08\/logo-avec-soutien-ville-geneve-couleur-300x61.png\" alt=\"\" width=\"300\" height=\"61\" srcset=\"https:\/\/www.impro-geneve.ch\/mondial\/wp-content\/uploads\/2022\/08\/logo-avec-soutien-ville-geneve-couleur-300x61.png 300w, https:\/\/www.impro-geneve.ch\/mondial\/wp-content\/uploads\/2022\/08\/logo-avec-soutien-ville-geneve-couleur.png 308w\" sizes=\"(max-width: 300px) 100vw, 300px\" \/><\/a><\/p>\n<p><a href=\"http:\/\/www.impro-geneve.ch\/mondial\/wp-content\/uploads\/2022\/08\/sigq.png\"><img loading=\"lazy\" class=\"alignnone size-medium wp-image-1323\" src=\"http:\/\/www.impro-geneve.ch\/mondial\/wp-content\/uploads\/2022\/08\/sigq.png\" alt=\"\" width=\"84\" height=\"84\" \/><\/a><\/p>\n<p><a href=\"http:\/\/www.impro-geneve.ch\/mondial\/wp-content\/uploads\/2022\/08\/BFM.png\"><img loading=\"lazy\" class=\"alignnone size-full wp-image-1324\" src=\"http:\/\/www.impro-geneve.ch\/mondial\/wp-content\/uploads\/2022\/08\/BFM.png\" alt=\"\" width=\"110\" height=\"84\" \/><\/a><\/p>\n<p><a href=\"http:\/\/www.sallecentrale.ch\"><img loading=\"lazy\" class=\"alignnone  wp-image-775\" src=\"http:\/\/www.impro-geneve.ch\/mondial\/wp-content\/uploads\/2018\/05\/logo1.png\" alt=\"logo\" width=\"201\" height=\"86\" \/><\/a><\/p>\n","protected":false},"excerpt":{"rendered":"<p>Vous souhaitez nous soutenir\u00a0? La F\u00e9d\u00e9ration d\u2019Improvisation recherche des sponsors pour l\u2019aider \u00e0 organiser cet \u00e9v\u00e9nement pl\u00e9thorique\u00a0! Contactez-nous\u00a0: comite.mondial@impro-geneve.ch Partenaires principaux:<\/p>\n","protected":false},"author":2,"featured_media":0,"parent":0,"menu_order":0,"comment_status":"closed","ping_status":"closed","template":"","meta":[],"_links":{"self":[{"href":"https:\/\/www.impro-geneve.ch\/mondial\/wp-json\/wp\/v2\/pages\/770"}],"collection":[{"href":"https:\/\/www.impro-geneve.ch\/mondial\/wp-json\/wp\/v2\/pages"}],"about":[{"href":"https:\/\/www.impro-geneve.ch\/mondial\/wp-json\/wp\/v2\/types\/page"}],"author":[{"embeddable":true,"href":"https:\/\/www.impro-geneve.ch\/mondial\/wp-json\/wp\/v2\/users\/2"}],"replies":[{"embeddable":true,"href":"https:\/\/www.impro-geneve.ch\/mondial\/wp-json\/wp\/v2\/comments?post=770"}],"version-history":[{"count":14,"href":"https:\/\/www.impro-geneve.ch\/mondial\/wp-json\/wp\/v2\/pages\/770\/revisions"}],"predecessor-version":[{"id":1325,"href":"https:\/\/www.impro-geneve.ch\/mondial\/wp-json\/wp\/v2\/pages\/770\/revisions\/1325"}],"wp:attachment":[{"href":"https:\/\/www.impro-geneve.ch\/mondial\/wp-json\/wp\/v2\/media?parent=770"}],"curies":[{"name":"wp","href":"https:\/\/api.w.org\/{rel}","templated":true}]}}