{"id":804,"date":"2018-05-20T13:30:36","date_gmt":"2018-05-20T12:30:36","guid":{"rendered":"http:\/\/www.impro-geneve.ch\/mondial\/?page_id=804"},"modified":"2022-09-26T12:56:15","modified_gmt":"2022-09-26T11:56:15","slug":"la-france","status":"publish","type":"page","link":"https:\/\/www.impro-geneve.ch\/mondial\/la-france\/","title":{"rendered":"LA FRANCE"},"content":{"rendered":"<p><strong>L&rsquo;\u00e9quipe de France d&rsquo;impro, avec des com\u00e9diens s\u00e9lectionn\u00e9s au sein de la compagnie Lolita, de Strasbourg. Gagnante du Mondial en 2015.<\/strong><\/p>\n<p><a href=\"http:\/\/www.impro-geneve.ch\/mondial\/wp-content\/uploads\/2022\/07\/profil-2-mondial.png\"><img loading=\"lazy\" class=\"alignnone size-medium wp-image-1287\" src=\"http:\/\/www.impro-geneve.ch\/mondial\/wp-content\/uploads\/2022\/07\/profil-2-mondial-300x300.png\" alt=\"\" width=\"300\" height=\"300\" srcset=\"https:\/\/www.impro-geneve.ch\/mondial\/wp-content\/uploads\/2022\/07\/profil-2-mondial-300x300.png 300w, https:\/\/www.impro-geneve.ch\/mondial\/wp-content\/uploads\/2022\/07\/profil-2-mondial-1024x1024.png 1024w, https:\/\/www.impro-geneve.ch\/mondial\/wp-content\/uploads\/2022\/07\/profil-2-mondial-150x150.png 150w, https:\/\/www.impro-geneve.ch\/mondial\/wp-content\/uploads\/2022\/07\/profil-2-mondial-768x768.png 768w, https:\/\/www.impro-geneve.ch\/mondial\/wp-content\/uploads\/2022\/07\/profil-2-mondial-109x109.png 109w, https:\/\/www.impro-geneve.ch\/mondial\/wp-content\/uploads\/2022\/07\/profil-2-mondial-100x100.png 100w, https:\/\/www.impro-geneve.ch\/mondial\/wp-content\/uploads\/2022\/07\/profil-2-mondial-1536x1536.png 1536w, https:\/\/www.impro-geneve.ch\/mondial\/wp-content\/uploads\/2022\/07\/profil-2-mondial-624x624.png 624w, https:\/\/www.impro-geneve.ch\/mondial\/wp-content\/uploads\/2022\/07\/profil-2-mondial.png 1920w\" sizes=\"(max-width: 300px) 100vw, 300px\" \/><\/a> <a href=\"http:\/\/www.impro-geneve.ch\/mondial\/wp-content\/uploads\/2022\/09\/banc_01-scaled.jpg\"><img loading=\"lazy\" class=\"alignnone size-medium wp-image-1339\" src=\"http:\/\/www.impro-geneve.ch\/mondial\/wp-content\/uploads\/2022\/09\/banc_01-300x195.jpg\" alt=\"\" width=\"300\" height=\"195\" srcset=\"https:\/\/www.impro-geneve.ch\/mondial\/wp-content\/uploads\/2022\/09\/banc_01-300x195.jpg 300w, https:\/\/www.impro-geneve.ch\/mondial\/wp-content\/uploads\/2022\/09\/banc_01-1024x666.jpg 1024w, https:\/\/www.impro-geneve.ch\/mondial\/wp-content\/uploads\/2022\/09\/banc_01-768x500.jpg 768w, https:\/\/www.impro-geneve.ch\/mondial\/wp-content\/uploads\/2022\/09\/banc_01-1536x999.jpg 1536w, https:\/\/www.impro-geneve.ch\/mondial\/wp-content\/uploads\/2022\/09\/banc_01-2048x1333.jpg 2048w, https:\/\/www.impro-geneve.ch\/mondial\/wp-content\/uploads\/2022\/09\/banc_01-624x406.jpg 624w\" sizes=\"(max-width: 300px) 100vw, 300px\" \/><\/a><\/p>\n<p><a href=\"http:\/\/www.impro-geneve.ch\/mondial\/wp-content\/uploads\/2022\/09\/officielle_camille-scaled.jpg\"><img loading=\"lazy\" class=\"alignnone size-medium wp-image-1340\" src=\"http:\/\/www.impro-geneve.ch\/mondial\/wp-content\/uploads\/2022\/09\/officielle_camille-198x300.jpg\" alt=\"\" width=\"198\" height=\"300\" srcset=\"https:\/\/www.impro-geneve.ch\/mondial\/wp-content\/uploads\/2022\/09\/officielle_camille-198x300.jpg 198w, https:\/\/www.impro-geneve.ch\/mondial\/wp-content\/uploads\/2022\/09\/officielle_camille-675x1024.jpg 675w, https:\/\/www.impro-geneve.ch\/mondial\/wp-content\/uploads\/2022\/09\/officielle_camille-768x1164.jpg 768w, https:\/\/www.impro-geneve.ch\/mondial\/wp-content\/uploads\/2022\/09\/officielle_camille-1013x1536.jpg 1013w, https:\/\/www.impro-geneve.ch\/mondial\/wp-content\/uploads\/2022\/09\/officielle_camille-1351x2048.jpg 1351w, https:\/\/www.impro-geneve.ch\/mondial\/wp-content\/uploads\/2022\/09\/officielle_camille-624x946.jpg 624w, https:\/\/www.impro-geneve.ch\/mondial\/wp-content\/uploads\/2022\/09\/officielle_camille-scaled.jpg 1689w\" sizes=\"(max-width: 198px) 100vw, 198px\" \/><\/a> <a href=\"http:\/\/www.impro-geneve.ch\/mondial\/wp-content\/uploads\/2022\/09\/officielle_fred-scaled.jpg\"><img loading=\"lazy\" class=\"alignnone size-medium wp-image-1343\" src=\"http:\/\/www.impro-geneve.ch\/mondial\/wp-content\/uploads\/2022\/09\/officielle_fred-198x300.jpg\" alt=\"\" width=\"198\" height=\"300\" srcset=\"https:\/\/www.impro-geneve.ch\/mondial\/wp-content\/uploads\/2022\/09\/officielle_fred-198x300.jpg 198w, https:\/\/www.impro-geneve.ch\/mondial\/wp-content\/uploads\/2022\/09\/officielle_fred-675x1024.jpg 675w, https:\/\/www.impro-geneve.ch\/mondial\/wp-content\/uploads\/2022\/09\/officielle_fred-768x1164.jpg 768w, https:\/\/www.impro-geneve.ch\/mondial\/wp-content\/uploads\/2022\/09\/officielle_fred-1013x1536.jpg 1013w, https:\/\/www.impro-geneve.ch\/mondial\/wp-content\/uploads\/2022\/09\/officielle_fred-1351x2048.jpg 1351w, https:\/\/www.impro-geneve.ch\/mondial\/wp-content\/uploads\/2022\/09\/officielle_fred-624x946.jpg 624w, https:\/\/www.impro-geneve.ch\/mondial\/wp-content\/uploads\/2022\/09\/officielle_fred-scaled.jpg 1689w\" sizes=\"(max-width: 198px) 100vw, 198px\" \/><\/a> <a href=\"http:\/\/www.impro-geneve.ch\/mondial\/wp-content\/uploads\/2022\/09\/officielle_diane-scaled.jpg\"><img loading=\"lazy\" class=\"alignnone size-medium wp-image-1342\" src=\"http:\/\/www.impro-geneve.ch\/mondial\/wp-content\/uploads\/2022\/09\/officielle_diane-198x300.jpg\" alt=\"\" width=\"198\" height=\"300\" srcset=\"https:\/\/www.impro-geneve.ch\/mondial\/wp-content\/uploads\/2022\/09\/officielle_diane-198x300.jpg 198w, https:\/\/www.impro-geneve.ch\/mondial\/wp-content\/uploads\/2022\/09\/officielle_diane-675x1024.jpg 675w, https:\/\/www.impro-geneve.ch\/mondial\/wp-content\/uploads\/2022\/09\/officielle_diane-768x1164.jpg 768w, https:\/\/www.impro-geneve.ch\/mondial\/wp-content\/uploads\/2022\/09\/officielle_diane-1013x1536.jpg 1013w, https:\/\/www.impro-geneve.ch\/mondial\/wp-content\/uploads\/2022\/09\/officielle_diane-1351x2048.jpg 1351w, https:\/\/www.impro-geneve.ch\/mondial\/wp-content\/uploads\/2022\/09\/officielle_diane-624x946.jpg 624w, https:\/\/www.impro-geneve.ch\/mondial\/wp-content\/uploads\/2022\/09\/officielle_diane-scaled.jpg 1689w\" sizes=\"(max-width: 198px) 100vw, 198px\" \/><\/a><\/p>\n<p><a href=\"http:\/\/www.impro-geneve.ch\/mondial\/wp-content\/uploads\/2022\/09\/officielle_mirC-scaled.jpg\"><img loading=\"lazy\" class=\"alignnone size-medium wp-image-1344\" src=\"http:\/\/www.impro-geneve.ch\/mondial\/wp-content\/uploads\/2022\/09\/officielle_mirC-198x300.jpg\" alt=\"\" width=\"198\" height=\"300\" srcset=\"https:\/\/www.impro-geneve.ch\/mondial\/wp-content\/uploads\/2022\/09\/officielle_mirC-198x300.jpg 198w, https:\/\/www.impro-geneve.ch\/mondial\/wp-content\/uploads\/2022\/09\/officielle_mirC-675x1024.jpg 675w, https:\/\/www.impro-geneve.ch\/mondial\/wp-content\/uploads\/2022\/09\/officielle_mirC-768x1164.jpg 768w, https:\/\/www.impro-geneve.ch\/mondial\/wp-content\/uploads\/2022\/09\/officielle_mirC-1013x1536.jpg 1013w, https:\/\/www.impro-geneve.ch\/mondial\/wp-content\/uploads\/2022\/09\/officielle_mirC-1351x2048.jpg 1351w, https:\/\/www.impro-geneve.ch\/mondial\/wp-content\/uploads\/2022\/09\/officielle_mirC-624x946.jpg 624w, https:\/\/www.impro-geneve.ch\/mondial\/wp-content\/uploads\/2022\/09\/officielle_mirC-scaled.jpg 1689w\" sizes=\"(max-width: 198px) 100vw, 198px\" \/><\/a> <a href=\"http:\/\/www.impro-geneve.ch\/mondial\/wp-content\/uploads\/2022\/09\/officielle_chloe-scaled.jpg\"><img loading=\"lazy\" class=\"alignnone size-medium wp-image-1341\" src=\"http:\/\/www.impro-geneve.ch\/mondial\/wp-content\/uploads\/2022\/09\/officielle_chloe-198x300.jpg\" alt=\"\" width=\"198\" height=\"300\" srcset=\"https:\/\/www.impro-geneve.ch\/mondial\/wp-content\/uploads\/2022\/09\/officielle_chloe-198x300.jpg 198w, https:\/\/www.impro-geneve.ch\/mondial\/wp-content\/uploads\/2022\/09\/officielle_chloe-675x1024.jpg 675w, https:\/\/www.impro-geneve.ch\/mondial\/wp-content\/uploads\/2022\/09\/officielle_chloe-768x1164.jpg 768w, https:\/\/www.impro-geneve.ch\/mondial\/wp-content\/uploads\/2022\/09\/officielle_chloe-1013x1536.jpg 1013w, https:\/\/www.impro-geneve.ch\/mondial\/wp-content\/uploads\/2022\/09\/officielle_chloe-1351x2048.jpg 1351w, https:\/\/www.impro-geneve.ch\/mondial\/wp-content\/uploads\/2022\/09\/officielle_chloe-624x946.jpg 624w, https:\/\/www.impro-geneve.ch\/mondial\/wp-content\/uploads\/2022\/09\/officielle_chloe-scaled.jpg 1689w\" sizes=\"(max-width: 198px) 100vw, 198px\" \/><\/a> <a href=\"http:\/\/www.impro-geneve.ch\/mondial\/wp-content\/uploads\/2022\/09\/officielle_nico-scaled.jpg\"><img loading=\"lazy\" class=\"alignnone size-medium wp-image-1345\" src=\"http:\/\/www.impro-geneve.ch\/mondial\/wp-content\/uploads\/2022\/09\/officielle_nico-198x300.jpg\" alt=\"\" width=\"198\" height=\"300\" srcset=\"https:\/\/www.impro-geneve.ch\/mondial\/wp-content\/uploads\/2022\/09\/officielle_nico-198x300.jpg 198w, https:\/\/www.impro-geneve.ch\/mondial\/wp-content\/uploads\/2022\/09\/officielle_nico-675x1024.jpg 675w, https:\/\/www.impro-geneve.ch\/mondial\/wp-content\/uploads\/2022\/09\/officielle_nico-768x1164.jpg 768w, https:\/\/www.impro-geneve.ch\/mondial\/wp-content\/uploads\/2022\/09\/officielle_nico-1013x1536.jpg 1013w, https:\/\/www.impro-geneve.ch\/mondial\/wp-content\/uploads\/2022\/09\/officielle_nico-1351x2048.jpg 1351w, https:\/\/www.impro-geneve.ch\/mondial\/wp-content\/uploads\/2022\/09\/officielle_nico-624x946.jpg 624w, https:\/\/www.impro-geneve.ch\/mondial\/wp-content\/uploads\/2022\/09\/officielle_nico-scaled.jpg 1689w\" sizes=\"(max-width: 198px) 100vw, 198px\" \/><\/a><\/p>\n<p>Dans l&rsquo;ordre : Camille MORIN, Fr\u00e9d\u00e9ric LEMANCEAU, Diane BREUIL, Mir\u00e9 LEJZEROWICZ, Chlo\u00e9 BARTH, Nicolas MARLOT (coach)<\/p>\n","protected":false},"excerpt":{"rendered":"<p>L&rsquo;\u00e9quipe de France d&rsquo;impro, avec des com\u00e9diens s\u00e9lectionn\u00e9s au sein de la compagnie Lolita, de Strasbourg. Gagnante du Mondial en 2015. Dans l&rsquo;ordre : Camille MORIN, Fr\u00e9d\u00e9ric LEMANCEAU, Diane BREUIL, Mir\u00e9 LEJZEROWICZ, Chlo\u00e9 BARTH, Nicolas MARLOT (coach)<\/p>\n","protected":false},"author":2,"featured_media":0,"parent":0,"menu_order":0,"comment_status":"closed","ping_status":"closed","template":"","meta":[],"_links":{"self":[{"href":"https:\/\/www.impro-geneve.ch\/mondial\/wp-json\/wp\/v2\/pages\/804"}],"collection":[{"href":"https:\/\/www.impro-geneve.ch\/mondial\/wp-json\/wp\/v2\/pages"}],"about":[{"href":"https:\/\/www.impro-geneve.ch\/mondial\/wp-json\/wp\/v2\/types\/page"}],"author":[{"embeddable":true,"href":"https:\/\/www.impro-geneve.ch\/mondial\/wp-json\/wp\/v2\/users\/2"}],"replies":[{"embeddable":true,"href":"https:\/\/www.impro-geneve.ch\/mondial\/wp-json\/wp\/v2\/comments?post=804"}],"version-history":[{"count":9,"href":"https:\/\/www.impro-geneve.ch\/mondial\/wp-json\/wp\/v2\/pages\/804\/revisions"}],"predecessor-version":[{"id":1346,"href":"https:\/\/www.impro-geneve.ch\/mondial\/wp-json\/wp\/v2\/pages\/804\/revisions\/1346"}],"wp:attachment":[{"href":"https:\/\/www.impro-geneve.ch\/mondial\/wp-json\/wp\/v2\/media?parent=804"}],"curies":[{"name":"wp","href":"https:\/\/api.w.org\/{rel}","templated":true}]}}